{"id":1029,"date":"2023-02-20T19:25:16","date_gmt":"2023-02-20T19:25:16","guid":{"rendered":"https:\/\/www.realclubdelima.org.pe\/web\/?page_id=1029"},"modified":"2025-07-24T17:14:54","modified_gmt":"2025-07-24T22:14:54","slug":"requisitos-asociado-transeunte","status":"publish","type":"page","link":"https:\/\/www.realclubdelima.org.pe\/web\/requisitos-asociado-transeunte\/","title":{"rendered":"Requisitos asociado transe\u00fante"},"content":{"rendered":"\t\t<div data-elementor-type=\"wp-page\" data-elementor-id=\"1029\" class=\"elementor elementor-1029\">\n\t\t\t\t\t\t<section class=\"elementor-section elementor-top-section elementor-element elementor-element-a8bfc13 elementor-section-boxed elementor-section-height-default elementor-section-height-default\" data-id=\"a8bfc13\" data-element_type=\"section\" data-settings=\"{&quot;shape_divider_top&quot;:&quot;waves&quot;}\">\n\t\t\t\t\t<div class=\"elementor-shape elementor-shape-top\" aria-hidden=\"true\" data-negative=\"false\">\n\t\t\t<svg xmlns=\"http:\/\/www.w3.org\/2000\/svg\" viewBox=\"0 0 1000 100\" preserveAspectRatio=\"none\">\n\t<path class=\"elementor-shape-fill\" d=\"M421.9,6.5c22.6-2.5,51.5,0.4,75.5,5.3c23.6,4.9,70.9,23.5,100.5,35.7c75.8,32.2,133.7,44.5,192.6,49.7\n\tc23.6,2.1,48.7,3.5,103.4-2.5c54.7-6,106.2-25.6,106.2-25.6V0H0v30.3c0,0,72,32.6,158.4,30.5c39.2-0.7,92.8-6.7,134-22.4\n\tc21.2-8.1,52.2-18.2,79.7-24.2C399.3,7.9,411.6,7.5,421.9,6.5z\"\/>\n<\/svg>\t\t<\/div>\n\t\t\t\t\t<div class=\"elementor-container elementor-column-gap-default\">\n\t\t\t\t\t<div class=\"elementor-column elementor-col-100 elementor-top-column elementor-element elementor-element-b545299\" data-id=\"b545299\" data-element_type=\"column\">\n\t\t\t<div class=\"elementor-widget-wrap elementor-element-populated\">\n\t\t\t\t\t\t<div class=\"elementor-element elementor-element-94372d1 elementor-widget elementor-widget-heading\" data-id=\"94372d1\" data-element_type=\"widget\" data-widget_type=\"heading.default\">\n\t\t\t\t<div class=\"elementor-widget-container\">\n\t\t\t\t\t<h4 class=\"elementor-heading-title elementor-size-default\">Requisitos asociado transe\u00fante<\/h4>\t\t\t\t<\/div>\n\t\t\t\t<\/div>\n\t\t\t\t<div class=\"elementor-element elementor-element-353c3a2 elementor-widget-divider--view-line elementor-widget elementor-widget-divider\" data-id=\"353c3a2\" data-element_type=\"widget\" data-widget_type=\"divider.default\">\n\t\t\t\t<div class=\"elementor-widget-container\">\n\t\t\t\t\t\t\t<div class=\"elementor-divider\">\n\t\t\t<span class=\"elementor-divider-separator\">\n\t\t\t\t\t\t<\/span>\n\t\t<\/div>\n\t\t\t\t\t\t<\/div>\n\t\t\t\t<\/div>\n\t\t\t\t<div class=\"elementor-element elementor-element-b5677e4 elementor-widget elementor-widget-text-editor\" data-id=\"b5677e4\" data-element_type=\"widget\" data-widget_type=\"text-editor.default\">\n\t\t\t\t<div class=\"elementor-widget-container\">\n\t\t\t\t\t\t\t\t\t<p style=\"text-align: justify;\"><span style=\"font-size: 12pt; color: #000000;\">Se parte de uno de los mejores y m\u00e1s exclusivos clubes de Lima, con m\u00e1s de 59 a\u00f1os de vida institucional, promoviendo\u00a0no solamente el deporte y la cultura, sino tambi\u00e9n los s\u00f3lidos valores humanos y sociales.<\/span><\/p>\t\t\t\t\t\t\t\t<\/div>\n\t\t\t\t<\/div>\n\t\t\t\t<div class=\"elementor-element elementor-element-5aeb02c elementor-widget elementor-widget-heading\" data-id=\"5aeb02c\" data-element_type=\"widget\" data-widget_type=\"heading.default\">\n\t\t\t\t<div class=\"elementor-widget-container\">\n\t\t\t\t\t<h6 class=\"elementor-heading-title elementor-size-default\">REQUISITOS<\/h6>\t\t\t\t<\/div>\n\t\t\t\t<\/div>\n\t\t\t\t<div class=\"elementor-element elementor-element-b36f23c elementor-widget__width-initial elementor-widget elementor-widget-text-editor\" data-id=\"b36f23c\" data-element_type=\"widget\" data-widget_type=\"text-editor.default\">\n\t\t\t\t<div class=\"elementor-widget-container\">\n\t\t\t\t\t\t\t\t\t<ul><li>Comprar solicitud de Ingreso $100.00 d\u00f3lares (monto no reembolsable).<\/li><li>Adjuntar comprobante de pago por compra de Solicitud de Ingreso.<\/li><li>Carta de presentaci\u00f3n de la empresa donde labora, indicando el cargo que desempe\u00f1a debidamente suscrita por la gerencia general o representante legal, as\u00ed como la buena conducta del ejecutivo presentado y de sus familiares acreditados en el Club (impresa con papel membretado)<\/li><li>Adjuntar la vigencia de poder, otorgada por RR. PP donde figure el nombre del presentante legal de la empresa y la facultad para otorgar las garant\u00edas solicitadas.<\/li><li>Copia de carnet de extranjer\u00eda de Titular y c\u00f3nyuge e hijos hasta los 18 a\u00f1os de edad.<\/li><li>Copia de pasaporte del postulante titular, c\u00f3nyuge e hijos menores de 18 a\u00f1os.<\/li><li>3 Fotos tama\u00f1o carnet del postulante titular, c\u00f3nyuge e hijos menores de 18 a\u00f1os.<\/li><\/ul><div>\u00a0<\/div><div><b>Esta condici\u00f3n se otorgar\u00e1 por un plazo m\u00ednimo de 6 meses y un m\u00e1ximo de 2 a\u00f1os, renovable previa evaluaci\u00f3n de la Junta Calificadora.<\/b><\/div><div><b>\u00a0<\/b><\/div>\t\t\t\t\t\t\t\t<\/div>\n\t\t\t\t<\/div>\n\t\t\t\t<div class=\"elementor-element elementor-element-2ed8492 elementor-widget elementor-widget-text-editor\" data-id=\"2ed8492\" data-element_type=\"widget\" data-widget_type=\"text-editor.default\">\n\t\t\t\t<div class=\"elementor-widget-container\">\n\t\t\t\t\t\t\t\t\t<p><span style=\"font-size: 12pt; color: #000000;\"><strong>COSTO DE MEMBRESIA:<\/strong> $1,800.00 D\u00d3LARES CADA SEIS MESES.<\/span><\/p>\t\t\t\t\t\t\t\t<\/div>\n\t\t\t\t<\/div>\n\t\t\t\t<div class=\"elementor-element elementor-element-63df271 elementor-widget elementor-widget-heading\" data-id=\"63df271\" data-element_type=\"widget\" data-widget_type=\"heading.default\">\n\t\t\t\t<div class=\"elementor-widget-container\">\n\t\t\t\t\t<h6 class=\"elementor-heading-title elementor-size-default\">Sedes:<\/h6>\t\t\t\t<\/div>\n\t\t\t\t<\/div>\n\t\t\t\t<div class=\"elementor-element elementor-element-e0159e6 elementor-widget elementor-widget-text-editor\" data-id=\"e0159e6\" data-element_type=\"widget\" data-widget_type=\"text-editor.default\">\n\t\t\t\t<div class=\"elementor-widget-container\">\n\t\t\t\t\t\t\t\t\t<p>\u2013 Real Club de Lima, Calle los Casta\u00f1os N\u00b0 505 \u2013 San Isidro.<br \/>\u2013 Sede de Playa Km 92.5 Panamericana Sur \u2013 Asia.<br \/>\u2013 Sede de Campo Km. 39.5 de Carretera Central \u2013 Ricardo Palma<\/p>\t\t\t\t\t\t\t\t<\/div>\n\t\t\t\t<\/div>\n\t\t\t\t<div class=\"elementor-element elementor-element-4a71491 elementor-widget elementor-widget-heading\" data-id=\"4a71491\" data-element_type=\"widget\" data-widget_type=\"heading.default\">\n\t\t\t\t<div class=\"elementor-widget-container\">\n\t\t\t\t\t<h6 class=\"elementor-heading-title elementor-size-default\">Horario de atenci\u00f3n:<\/h6>\t\t\t\t<\/div>\n\t\t\t\t<\/div>\n\t\t\t\t<div class=\"elementor-element elementor-element-0cf26e7 elementor-widget elementor-widget-text-editor\" data-id=\"0cf26e7\" data-element_type=\"widget\" data-widget_type=\"text-editor.default\">\n\t\t\t\t<div class=\"elementor-widget-container\">\n\t\t\t\t\t\t\t\t\t<ul style=\"font-size: 17px; background-color: #ffffff;\"><li style=\"font-size: 17px;\"><span style=\"font-size: 18.6667px; white-space-collapse: preserve;\">Lunes a viernes: De<\/span>\u00a009:00 a.m. a 06:00 p.m.<\/li><li style=\"font-size: 17px;\"><span style=\"font-size: 18.6667px; white-space-collapse: preserve;\">S\u00e1bados: De <\/span>09:30 a.m. a 12:00 .m.<\/li><\/ul><p><span style=\"color: #29337c;\"><span style=\"font-size: 18.6667px; white-space-collapse: preserve;\"><span style=\"font-weight: bold;\">Refrigerio:<\/span><\/span><\/span><\/p><ul style=\"font-size: 17px; background-color: #ffffff;\"><li style=\"font-size: 17px;\"><span style=\"font-weight: bold;\">\u00a0<\/span>De 01:00 p.m. a 02:00 p.m.<\/li><\/ul><p><span style=\"font-weight: bold; color: #29337c; font-size: 18.6667px; white-space-collapse: preserve;\">Contacto: <\/span><\/p><ul style=\"font-size: 17px; background-color: #ffffff;\"><li style=\"font-size: 17px;\"><span style=\"font-weight: bold;\"><span style=\"font-size: 14pt;\"><span style=\"white-space-collapse: preserve;\">Correo:<\/span><\/span><\/span>\u00a0<a href=\"mailto:postulantenuevoasociado@realclubdelima.org.pe\">postulantenuevoasociado@realclubdelima.org.pe<\/a><\/li><li style=\"font-size: 17px;\"><span style=\"font-weight: bold;\"><span style=\"font-size: 14pt;\"><span style=\"white-space-collapse: preserve;\">Celular:<\/span><\/span><\/span>\u00a0914 295 071<\/li><\/ul><p><span style=\"font-weight: bolder;\"><span style=\"font-size: 14pt;\"><span style=\"color: #29337c; white-space-collapse: preserve;\">Web:<\/span><\/span><\/span>\u00a0<a href=\"https:\/\/www.realclubdelima.org.pe\/web\/\" target=\"_blank\" rel=\"noopener\">\u00a0<b>www.realclubdelima.org.pe<\/b><\/a><\/p>\t\t\t\t\t\t\t\t<\/div>\n\t\t\t\t<\/div>\n\t\t\t\t<div class=\"elementor-element elementor-element-ee99f36 elementor-widget elementor-widget-heading\" data-id=\"ee99f36\" data-element_type=\"widget\" data-widget_type=\"heading.default\">\n\t\t\t\t<div class=\"elementor-widget-container\">\n\t\t\t\t\t<h6 class=\"elementor-heading-title elementor-size-default\"><b>Formatos Descargables :<\/b><\/h6>\t\t\t\t<\/div>\n\t\t\t\t<\/div>\n\t\t\t\t<div class=\"elementor-element elementor-element-8f0ab4a elementor-widget__width-initial elementor-widget elementor-widget-text-editor\" data-id=\"8f0ab4a\" data-element_type=\"widget\" data-widget_type=\"text-editor.default\">\n\t\t\t\t<div class=\"elementor-widget-container\">\n\t\t\t\t\t\t\t\t\t<p>Para completar su proceso de inscripci\u00f3n, por favor descargue, complete y presente los siguientes documentos:<\/p><ul><li><a href=\"http:\/\/www.realclubdelima.org.pe\/web\/wp-content\/uploads\/2025\/07\/Requisitos-Asociado-Transeuntes-2025.pdf\" target=\"_blank\" rel=\"noopener noreferrer\">Requisitos Asociado Transe\u00fante (PDF)<\/a><\/li><li><a href=\"http:\/\/www.realclubdelima.org.pe\/web\/wp-content\/uploads\/2025\/07\/AS-Politica-Confidenc-y-autoriz-Tratamiento-de-Datos-personales-2.pdf\" target=\"_blank\" rel=\"noopener noreferrer\">Pol\u00edtica de Confidencialidad y Tratamiento de Datos Personales (PDF)<\/a><\/li><li><a href=\"http:\/\/www.realclubdelima.org.pe\/web\/wp-content\/uploads\/2025\/07\/SOLICITUD-DE-INGRESO-2.pdf\" target=\"_blank\" rel=\"noopener noreferrer\">Solicitud de Ingreso (PDF)<\/a><\/li><\/ul>\t\t\t\t\t\t\t\t<\/div>\n\t\t\t\t<\/div>\n\t\t\t\t\t<\/div>\n\t\t<\/div>\n\t\t\t\t\t<\/div>\n\t\t<\/section>\n\t\t\t\t<\/div>\n\t\t","protected":false},"excerpt":{"rendered":"<p>Requisitos asociado transe\u00fante Se parte de uno de los mejores y m\u00e1s exclusivos clubes de Lima, con m\u00e1s de 59 a\u00f1os de vida institucional, promoviendo\u00a0no solamente el deporte y la cultura, sino tambi\u00e9n los s\u00f3lidos valores humanos y sociales. REQUISITOS Comprar solicitud de Ingreso $100.00 d\u00f3lares (monto no reembolsable). Adjuntar comprobante de pago por compra [&hellip;]<\/p>\n","protected":false},"author":1,"featured_media":0,"parent":0,"menu_order":0,"comment_status":"closed","ping_status":"closed","template":"","meta":{"om_disable_all_campaigns":false,"inline_featured_image":false,"_uf_show_specific_survey":0,"_uf_disable_surveys":false,"footnotes":"","_links_to":"","_links_to_target":""},"class_list":["post-1029","page","type-page","status-publish","hentry"],"aioseo_notices":[],"publishpress_future_action":{"enabled":false,"date":"2026-05-01 02:59:21","action":"change-status","newStatus":"draft","terms":[],"taxonomy":"","extraData":[]},"publishpress_future_workflow_manual_trigger":{"enabledWorkflows":[]},"_links":{"self":[{"href":"https:\/\/www.realclubdelima.org.pe\/web\/wp-json\/wp\/v2\/pages\/1029","targetHints":{"allow":["GET"]}}],"collection":[{"href":"https:\/\/www.realclubdelima.org.pe\/web\/wp-json\/wp\/v2\/pages"}],"about":[{"href":"https:\/\/www.realclubdelima.org.pe\/web\/wp-json\/wp\/v2\/types\/page"}],"author":[{"embeddable":true,"href":"https:\/\/www.realclubdelima.org.pe\/web\/wp-json\/wp\/v2\/users\/1"}],"replies":[{"embeddable":true,"href":"https:\/\/www.realclubdelima.org.pe\/web\/wp-json\/wp\/v2\/comments?post=1029"}],"version-history":[{"count":52,"href":"https:\/\/www.realclubdelima.org.pe\/web\/wp-json\/wp\/v2\/pages\/1029\/revisions"}],"predecessor-version":[{"id":35793,"href":"https:\/\/www.realclubdelima.org.pe\/web\/wp-json\/wp\/v2\/pages\/1029\/revisions\/35793"}],"wp:attachment":[{"href":"https:\/\/www.realclubdelima.org.pe\/web\/wp-json\/wp\/v2\/media?parent=1029"}],"curies":[{"name":"wp","href":"https:\/\/api.w.org\/{rel}","templated":true}]}}